{"id":9,"date":"2021-12-27T14:21:49","date_gmt":"2021-12-27T13:21:49","guid":{"rendered":"http:\/\/nowolipie.mieszkania.link\/?page_id=9"},"modified":"2021-12-27T15:34:13","modified_gmt":"2021-12-27T14:34:13","slug":"strona-glowna","status":"publish","type":"page","link":"http:\/\/nowolipie.mieszkania.link\/","title":{"rendered":"LOKALIZACJA"},"content":{"rendered":"\n<figure class=\"wp-block-gallery columns-2 is-cropped wp-block-gallery-1 is-layout-flex wp-block-gallery-is-layout-flex\"><ul class=\"blocks-gallery-grid\"><li class=\"blocks-gallery-item\"><figure><img loading=\"lazy\" decoding=\"async\" width=\"683\" height=\"1024\" src=\"http:\/\/nowolipie.mieszkania.link\/wp-content\/uploads\/2021\/12\/IMG_1838-683x1024.jpg\" alt=\"\" data-id=\"58\" data-link=\"http:\/\/nowolipie.mieszkania.link\/index.php\/strona-glowna\/img_1838\/\" class=\"wp-image-58\" srcset=\"http:\/\/nowolipie.mieszkania.link\/wp-content\/uploads\/2021\/12\/IMG_1838-683x1024.jpg 683w, http:\/\/nowolipie.mieszkania.link\/wp-content\/uploads\/2021\/12\/IMG_1838-200x300.jpg 200w, http:\/\/nowolipie.mieszkania.link\/wp-content\/uploads\/2021\/12\/IMG_1838-768x1152.jpg 768w, http:\/\/nowolipie.mieszkania.link\/wp-content\/uploads\/2021\/12\/IMG_1838-1024x1536.jpg 1024w, http:\/\/nowolipie.mieszkania.link\/wp-content\/uploads\/2021\/12\/IMG_1838-1365x2048.jpg 1365w, http:\/\/nowolipie.mieszkania.link\/wp-content\/uploads\/2021\/12\/IMG_1838-scaled.jpg 1707w\" sizes=\"auto, (max-width: 683px) 100vw, 683px\" \/><\/figure><\/li><li class=\"blocks-gallery-item\"><figure><img loading=\"lazy\" decoding=\"async\" width=\"768\" height=\"1024\" src=\"http:\/\/nowolipie.mieszkania.link\/wp-content\/uploads\/2021\/12\/b-2020-1-768x1024.jpg\" alt=\"\" data-id=\"60\" data-full-url=\"http:\/\/nowolipie.mieszkania.link\/wp-content\/uploads\/2021\/12\/b-2020-1-scaled.jpg\" data-link=\"http:\/\/nowolipie.mieszkania.link\/index.php\/strona-glowna\/b-2020-1\/\" class=\"wp-image-60\" srcset=\"http:\/\/nowolipie.mieszkania.link\/wp-content\/uploads\/2021\/12\/b-2020-1-768x1024.jpg 768w, http:\/\/nowolipie.mieszkania.link\/wp-content\/uploads\/2021\/12\/b-2020-1-225x300.jpg 225w, http:\/\/nowolipie.mieszkania.link\/wp-content\/uploads\/2021\/12\/b-2020-1-1152x1536.jpg 1152w, http:\/\/nowolipie.mieszkania.link\/wp-content\/uploads\/2021\/12\/b-2020-1-1536x2048.jpg 1536w, http:\/\/nowolipie.mieszkania.link\/wp-content\/uploads\/2021\/12\/b-2020-1-scaled.jpg 1920w\" sizes=\"auto, (max-width: 767px) 89vw, (max-width: 1000px) 54vw, (max-width: 1071px) 543px, 580px\" \/><\/figure><\/li><\/ul><\/figure>\n\n\n\n<p>Najlepsze miejsce do mieszania w Warszawie.<br>Idealny kompromis pod wzgl\u0119dem komunikacyjnym i rekreacyjnym<br>30m<sup>2<\/sup>&nbsp;powierzchni, 2 pokoje z aneksem kuchennym<br>w pe\u0142ni umeblowane i komfortowo wyposa\u017cone<\/p>\n\n\n\n<figure class=\"wp-block-image size-large\"><img loading=\"lazy\" decoding=\"async\" width=\"1024\" height=\"576\" src=\"http:\/\/nowolipie.mieszkania.link\/wp-content\/uploads\/2021\/12\/komunikacja-1024x576.jpg\" alt=\"\" class=\"wp-image-56\" srcset=\"http:\/\/nowolipie.mieszkania.link\/wp-content\/uploads\/2021\/12\/komunikacja-1024x576.jpg 1024w, http:\/\/nowolipie.mieszkania.link\/wp-content\/uploads\/2021\/12\/komunikacja-300x169.jpg 300w, http:\/\/nowolipie.mieszkania.link\/wp-content\/uploads\/2021\/12\/komunikacja-768x432.jpg 768w, http:\/\/nowolipie.mieszkania.link\/wp-content\/uploads\/2021\/12\/komunikacja.jpg 1280w\" sizes=\"auto, (max-width: 767px) 89vw, (max-width: 1000px) 54vw, (max-width: 1071px) 543px, 580px\" \/><\/figure>\n","protected":false},"excerpt":{"rendered":"<p>Najlepsze miejsce do mieszania w Warszawie.Idealny kompromis pod wzgl\u0119dem komunikacyjnym i rekreacyjnym30m2&nbsp;powierzchni, 2 pokoje z aneksem kuchennymw pe\u0142ni umeblowane i komfortowo wyposa\u017cone<\/p>\n","protected":false},"author":1,"featured_media":0,"parent":0,"menu_order":0,"comment_status":"closed","ping_status":"closed","template":"","meta":{"footnotes":""},"class_list":["post-9","page","type-page","status-publish","hentry"],"_links":{"self":[{"href":"http:\/\/nowolipie.mieszkania.link\/index.php\/wp-json\/wp\/v2\/pages\/9","targetHints":{"allow":["GET"]}}],"collection":[{"href":"http:\/\/nowolipie.mieszkania.link\/index.php\/wp-json\/wp\/v2\/pages"}],"about":[{"href":"http:\/\/nowolipie.mieszkania.link\/index.php\/wp-json\/wp\/v2\/types\/page"}],"author":[{"embeddable":true,"href":"http:\/\/nowolipie.mieszkania.link\/index.php\/wp-json\/wp\/v2\/users\/1"}],"replies":[{"embeddable":true,"href":"http:\/\/nowolipie.mieszkania.link\/index.php\/wp-json\/wp\/v2\/comments?post=9"}],"version-history":[{"count":4,"href":"http:\/\/nowolipie.mieszkania.link\/index.php\/wp-json\/wp\/v2\/pages\/9\/revisions"}],"predecessor-version":[{"id":61,"href":"http:\/\/nowolipie.mieszkania.link\/index.php\/wp-json\/wp\/v2\/pages\/9\/revisions\/61"}],"wp:attachment":[{"href":"http:\/\/nowolipie.mieszkania.link\/index.php\/wp-json\/wp\/v2\/media?parent=9"}],"curies":[{"name":"wp","href":"https:\/\/api.w.org\/{rel}","templated":true}]}}